{"id":12282,"date":"2020-01-20T19:16:51","date_gmt":"2020-01-20T19:16:51","guid":{"rendered":"http:\/\/www.hateggeoparc.ro\/new\/?page_id=12282"},"modified":"2020-06-21T07:33:53","modified_gmt":"2020-06-21T07:33:53","slug":"activitati-pentru-turisti","status":"publish","type":"page","link":"https:\/\/www.hateggeoparc.ro\/new\/index.php\/activitati-pentru-turisti\/","title":{"rendered":"Activit\u0103\u021bi pentru turi\u0219ti"},"content":{"rendered":"<p><section class=\"kc-elm kc-css-356546 kc_row\"><div class=\"kc-row-container  kc-container\"><div class=\"kc-wrap-columns\"><div class=\"kc-elm kc-css-392234 kc_col-sm-6 kc_column kc_col-sm-6\"><div class=\"kc-col-container\">\n<div class=\"kc-elm kc-css-53467 kc-title-wrap \">\n\n\t<h1 class=\"kc_title\">Activit\u0103\u021bi pentru <br>\r\nturi\u0219ti<\/h1>\n<\/div>\n\n<div class=\"kc-elm kc-css-461695 kc-title-wrap \">\n\n\t<h4 class=\"kc_title\">\u00cempreun\u0103 explor\u0103m misterele Geoparcului<\/h4>\n<\/div>\n<\/div><\/div><div class=\"kc-elm kc-css-466560 kc_col-sm-6 kc_column kc_col-sm-6\"><div class=\"kc-col-container\"><div class=\"kc_shortcode kc_single_image \"><img decoding=\"async\" src=\"https:\/\/www.hateggeoparc.ro\/new\/wp-content\/uploads\/2020\/05\/poza-generala-activitati-turisti-fundal.jpg\" class=\"\" alt=\"\" \/><\/div><\/div><\/div><\/div><\/div><\/section><section class=\"kc-elm kc-css-234853 kc_row\"><div class=\"kc-row-container  kc-container\"><div class=\"kc-wrap-columns\"><div class=\"kc-elm kc-css-611064 kc_col-sm-6 kc_column kc_col-sm-6\"><div class=\"kc-col-container\">\n<div class=\"element-block-heading style-v1\">\n\t<div class=\"wrapper\">\n\t\t<div class=\"inner\">\n\t\t\t\n\t\t\t\t\t\t<h2 class=\"heading\">Explorator la Casa Vulcanilor<\/h2>\n\t\t\t\t\t\t\n\t\t\t\t\t<\/div>\n\t<\/div>\n<\/div><div class=\"kc-elm kc-css-936728 kc_text_block\"><\/p>\n<p>\nEste un pachet de activit\u0103\u021bi educa\u021bionale adresate grupurilor de copii, tineri sau adul\u021bi, desf\u0103\u0219urat la Casa Vulcanilor, din comuna Densu\u0219, sub atenta observa\u021bie a lui Andi Andezit, mascota Casei Vulcanilor. Participan\u021bii pot experimenta, cu ajutorul sim\u021burilor, postura de explorator av\u00e2nd la dispozi\u021bie ghizi animatori \u0219i facilit\u0103\u021bile oferite de Casa Vulcanilor \u0219i de Livada Senzorial\u0103 (Aleea Formelor \u00cempietrite, Poteca Timpului, Expozi\u021bia Imagine \u0219i Imagina\u021bie, Lada micului paleontolog, Vulcanul, Foi\u0219orul Comunic\u0103rii, Sala de Concerte, Gr\u0103dina din nori \u0219i Copacii cu sunete). Bro\u0219ura \u201dGhidul Exploratorului\u201d \u0219i trusa de explorator transform\u0103 fiecare activitate \u00eentr-o real\u0103 experien\u021b\u0103 personal\u0103 \u00een care pot fi acumulate o mul\u021bime de informa\u021bii utile legate de vulcanism, paleontologie, geologie \u0219i despre cum poate fi observat \u0219i con\u0219tientizat spectacolul Naturii. Activit\u0103\u021bile se bazeaz\u0103 pe principiile educa\u021biei nonformale menite s\u0103 \u00eencurajeze lucrul \u00een echip\u0103, autocunoa\u0219terea \u0219i \u00eenv\u0103\u021barea activ\u0103 pe baza propriilor experien\u021be.<span class=\"Apple-converted-space\">\u00a0<\/span><\/p>\n<p><b>Durat\u0103<\/b>: 1 or\u0103 \u2013 4 ore<\/p>\n<p><b>Doar cu rezervare <\/b><i>pentru orice zi a s\u0103pt\u0103m\u00e2nii<\/i><\/p>\n<p><i><span class=\"Apple-converted-space\">\u00a0<\/span>\u0219i orice perioad\u0103 a anului sun\u00e2nd<span class=\"Apple-converted-space\">\u00a0<\/span><\/i><\/p>\n<p><i>la 0743688108 cu cel pu\u021bin trei zile<span class=\"Apple-converted-space\">\u00a0<\/span><\/i><\/p>\n<p><i>\u00eenainte de vizit\u0103.<\/i><\/p>\n<p><i>Contact\u00a0: <\/i><a href=\"http:\/\/www.casavulcanilor.ro\">www.casavulcanilor.ro<\/a><span class=\"Apple-converted-space\">\u00a0 <\/span>0743688108<\/p>\n<p>\n<\/div><\/div><\/div><div class=\"kc-elm kc-css-555083 kc_col-sm-6 kc_column kc_col-sm-6\"><div class=\"kc-col-container\"><div class=\"kc_shortcode kc_single_image effect-v3\"><img decoding=\"async\" src=\"https:\/\/www.hateggeoparc.ro\/new\/wp-content\/uploads\/2020\/05\/explorator-_1.jpg\" class=\"\" alt=\"\" \/><\/div><\/div><\/div><\/div><\/div><\/section><section class=\"kc-elm kc-css-38294 kc_row\"><div class=\"kc-row-container  kc-container\"><div class=\"kc-wrap-columns\"><div class=\"kc-elm kc-css-820688 kc_col-sm-6 kc_column kc_col-sm-6\"><div class=\"kc-col-container\"><div class=\"kc_shortcode kc_single_image effect-v3\"><img decoding=\"async\" src=\"https:\/\/www.hateggeoparc.ro\/new\/wp-content\/uploads\/2020\/05\/ghidaj-adulti-case.jpg\" class=\"\" alt=\"\" \/><\/div><\/div><\/div><div class=\"kc-elm kc-css-843457 kc_col-sm-6 kc_column kc_col-sm-6\"><div class=\"kc-col-container\">\n<div class=\"element-block-heading style-v1\">\n\t<div class=\"wrapper\">\n\t\t<div class=\"inner\">\n\t\t\t\n\t\t\t\t\t\t<h2 class=\"heading\">Ghidaj la Casele Geoparcului<\/h2>\n\t\t\t\t\t\t\n\t\t\t\t\t\t<p class=\"description\">Povestea locurilor \u0219i a oamenilor<\/p>\n\t\t\t\t\t<\/div>\n\t<\/div>\n<\/div><div class=\"kc-image-gallery kc-elm kc-css-481474\">\n<div class=\"kc_image_gallery kc-carousel-image kc-grid \">\n<div class=\"item-grid grid-4\"><a href=\"https:\/\/www.hateggeoparc.ro\/new\/wp-content\/uploads\/2020\/04\/20180419_122703.jpg\" target=\"_blank\"><img decoding=\"async\" src=\"https:\/\/www.hateggeoparc.ro\/new\/wp-content\/uploads\/2020\/04\/20180419_122703.jpg\" alt=\"\"\/><\/a><\/div><div class=\"item-grid grid-4\"><a href=\"https:\/\/www.hateggeoparc.ro\/new\/wp-content\/uploads\/2020\/01\/5.-scoala-de-dinozauri-si-meserii_4.jpg\" target=\"_blank\"><img decoding=\"async\" src=\"https:\/\/www.hateggeoparc.ro\/new\/wp-content\/uploads\/2020\/01\/5.-scoala-de-dinozauri-si-meserii_4.jpg\" alt=\"\"\/><\/a><\/div><div class=\"item-grid grid-4\"><a href=\"https:\/\/www.hateggeoparc.ro\/new\/wp-content\/uploads\/2020\/01\/7.Casa-Pietrelor.jpg\" target=\"_blank\"><img decoding=\"async\" src=\"https:\/\/www.hateggeoparc.ro\/new\/wp-content\/uploads\/2020\/01\/7.Casa-Pietrelor.jpg\" alt=\"\"\/><\/a><\/div><div class=\"item-grid grid-4\"><a href=\"\" target=\"_blank\"><img decoding=\"async\" src=\"\" alt=\"\"\/><\/a><\/div><\/div>\n<\/div>\n<div class=\"kc-elm kc-css-377127 divider_line\">\n\t<div class=\"divider_inner divider_line1\">\n\t\t\t<\/div>\n<\/div>\n<div class=\"kc-elm kc-css-231379 kc_text_block\"><\/p>\n<p>Pentru detalii click <a href=\"http:\/\/www.hateggeoparc.ro\/new\/index.php\/casele-geoparcului-2\/\">aici<\/a><\/p>\n<p>\n<\/div><\/div><\/div><\/div><\/div><\/section><section class=\"kc-elm kc-css-378928 kc_row\"><div class=\"kc-row-container  kc-container\"><div class=\"kc-wrap-columns\"><div class=\"kc-elm kc-css-125839 kc_col-sm-6 kc_column kc_col-sm-6\"><div class=\"kc-col-container\">\n<div class=\"element-block-heading style-v1\">\n\t<div class=\"wrapper\">\n\t\t<div class=\"inner\">\n\t\t\t\n\t\t\t\t\t\t<h2 class=\"heading\">Ghidaj pe traseele Geoparcului<\/h2>\n\t\t\t\t\t\t\n\t\t\t\t\t<\/div>\n\t<\/div>\n<\/div><div class=\"kc-elm kc-css-984419 kc_text_block\"><\/p>\n<p>Natur\u0103, \u0219tiin\u021b\u0103 \u0219i voie bun\u0103<\/p>\n<p><b>Doar cu rezervare <\/b><i>pentru orice zi a s\u0103pt\u0103m\u00e2nii<\/i><\/p>\n<p><i><span class=\"Apple-converted-space\">\u00a0<\/span>\u0219i orice perioad\u0103 a anului sun\u00e2nd<span class=\"Apple-converted-space\">\u00a0<\/span><\/i><\/p>\n<p><i>la 0254777853 cu cel pu\u021bin trei zile<span class=\"Apple-converted-space\">\u00a0<\/span><\/i><\/p>\n<p><i>\u00eenainte de vizit\u0103.<\/i><\/p>\n<p>\n<\/div><\/div><\/div><div class=\"kc-elm kc-css-974734 kc_col-sm-6 kc_column kc_col-sm-6\"><div class=\"kc-col-container\"><div class=\"kc_shortcode kc_single_image effect-v3\"><img decoding=\"async\" src=\"https:\/\/www.hateggeoparc.ro\/new\/wp-content\/uploads\/2020\/05\/ghidaj-adulti-trasee_1-1.jpg\" class=\"\" alt=\"\" \/><\/div><\/div><\/div><\/div><\/div><\/section><\/p>\n","protected":false},"excerpt":{"rendered":"","protected":false},"author":1,"featured_media":0,"parent":0,"menu_order":0,"comment_status":"closed","ping_status":"closed","template":"","meta":{"_seopress_robots_primary_cat":"","_seopress_titles_title":"","_seopress_titles_desc":"","_seopress_robots_index":"","footnotes":""},"class_list":["post-12282","page","type-page","status-publish","hentry"],"_links":{"self":[{"href":"https:\/\/www.hateggeoparc.ro\/new\/index.php\/wp-json\/wp\/v2\/pages\/12282","targetHints":{"allow":["GET"]}}],"collection":[{"href":"https:\/\/www.hateggeoparc.ro\/new\/index.php\/wp-json\/wp\/v2\/pages"}],"about":[{"href":"https:\/\/www.hateggeoparc.ro\/new\/index.php\/wp-json\/wp\/v2\/types\/page"}],"author":[{"embeddable":true,"href":"https:\/\/www.hateggeoparc.ro\/new\/index.php\/wp-json\/wp\/v2\/users\/1"}],"replies":[{"embeddable":true,"href":"https:\/\/www.hateggeoparc.ro\/new\/index.php\/wp-json\/wp\/v2\/comments?post=12282"}],"version-history":[{"count":28,"href":"https:\/\/www.hateggeoparc.ro\/new\/index.php\/wp-json\/wp\/v2\/pages\/12282\/revisions"}],"predecessor-version":[{"id":13743,"href":"https:\/\/www.hateggeoparc.ro\/new\/index.php\/wp-json\/wp\/v2\/pages\/12282\/revisions\/13743"}],"wp:attachment":[{"href":"https:\/\/www.hateggeoparc.ro\/new\/index.php\/wp-json\/wp\/v2\/media?parent=12282"}],"curies":[{"name":"wp","href":"https:\/\/api.w.org\/{rel}","templated":true}]}}