{"id":14276,"date":"2021-08-05T17:02:42","date_gmt":"2021-08-05T17:02:42","guid":{"rendered":"https:\/\/www.hateggeoparc.ro\/new\/?page_id=14276"},"modified":"2021-08-05T18:14:29","modified_gmt":"2021-08-05T18:14:29","slug":"albina-super-erou","status":"publish","type":"page","link":"https:\/\/www.hateggeoparc.ro\/new\/index.php\/albina-super-erou\/","title":{"rendered":"Albina Super Erou"},"content":{"rendered":"<p><section class=\"kc-elm kc-css-781588 kc_row\"><div class=\"kc-row-container  kc-container\"><div class=\"kc-wrap-columns\"><div class=\"kc-elm kc-css-10725 kc_col-sm-12 kc_column kc_col-sm-12\"><div class=\"kc-col-container\">\n\t<div class=\"kc-elm kc-css-808929 kc_shortcode kc_video_play kc_video_wrapper\" data-video=\"https:\/\/www.youtube.com\/watch?v=Yx9hK8RkIF4\" data-width=\"600\" data-height=\"338.98305084746\" data-fullwidth=\"\" data-autoplay=\"\" data-loop=\"yes\" data-control=\"yes\" data-related=\"\" data-showinfo=\"\" data-kc-video-mute=\"\">\n\t\t\t<\/div>\n\n<\/div><\/div><\/div><\/div><\/section><section class=\"kc-elm kc-css-147646 kc_row\"><div class=\"kc-row-container  kc-container\"><div class=\"kc-wrap-columns\"><div class=\"kc-elm kc-css-946572 kc_column kc_col-sm-12\"><div class=\"kc-col-container\"><div class=\"kc-elm kc-css-514455 kc_text_block\"><\/p>\n<div>Proiectul dore\u0219te s\u0103 atrag\u0103 aten\u021bia asupra importan\u021bei albinelor \u0219i asupra pericolului \u00een care se afl\u0103 acestea \u00een prezent, prin activit\u0103\u021bi artistice \u0219i educa\u021bionale \u00een comunit\u0103\u021bile din Geoparc.<\/div>\n<div><strong>Drago\u0219 Neagoe<\/strong>, sculptor \u0219i apicultor, a realizat o instala\u021bie artistic\u0103 numir\u0103 <strong>\u201eCoabitare\u201d<\/strong> \u0219i amplasat\u0103 la <strong>Casa pentru \u0218tiin\u021b\u0103 \u0219i Art\u0103 \u201eDumitru Huzoni\u201d<\/strong> a Geoparcului, din satul General Berthelot. Lucrarea \u00eembin\u0103 sculptura cu activitatea natural\u0103 de construc\u021bie a albinelor.<\/div>\n<div>Instala\u021bia se poate vizualiza live aici:<\/div>\n<div>&nbsp;<\/div>\n<p>\n<\/div><\/div><\/div><\/div><\/div><\/section><section class=\"kc-elm kc-css-935292 kc_row\"><div class=\"kc-row-container  kc-container\"><div class=\"kc-wrap-columns\"><div class=\"kc-elm kc-css-776649 kc_col-sm-12 kc_column kc_col-sm-12\"><div class=\"kc-col-container\"><div class=\"kc-elm kc-css-807070 kc-raw-code\"><div style=\"position:relative;width:100%;display:inline-block;\"><iframe src=\"https:\/\/play.webcamromania.ro\/b3p4l5g5v534p2x223\" allowfullscreen style=\"border:none;position:absolute;top:0;left:0;width:100%;height:100%;\"><\/iframe><div style=\"padding-top:56.25%;\"><\/div><\/div><\/div><\/div><\/div><\/div><\/div><\/section><section class=\"kc-elm kc-css-313777 kc_row\"><div class=\"kc-row-container  kc-container\"><div class=\"kc-wrap-columns\"><div class=\"kc-elm kc-css-703444 kc_column kc_col-sm-12\"><div class=\"kc-col-container\"><div class=\"kc-elm kc-css-211628 kc_text_block\"><\/p>\n<p>Proiectul este finan\u021bat de c\u0103tre <a href=\"http:\/\/www.repf.ro\/\">Funda\u021bia Pentru Parteneriat<\/a> \u0219i <a href=\"https:\/\/molromania.ro\/ro\/\">MOL Rom\u00e2nia<\/a>, prin programul <a href=\"http:\/\/www.spatiiverzi.org.ro\/\">Spa\u021bii Verzi<\/a>. Implementarea este realizat\u0103 de c\u0103tre Asocia\u021bia Drag de Ha\u021beg \u00een parteneriat cu: Geoparcul Interna\u021bional UNESCO \u021aara Ha\u021begului &#8211; <a href=\"https:\/\/unibuc.ro\/\">Universitatea din Bucure\u0219ti<\/a>, Asocia\u021bia Cred&#039;Art, \u0218colile Gimnaziale Densu\u0219 \u0219i Bretea Rom\u00e2n\u0103, <a href=\"http:\/\/geosociety.ro\/\">Societatea Geologic\u0103 a Rom\u00e2niei<\/a>, Prim\u0103ria Comunei General Berthelot \u0219i Asocia\u021bia de Turism Retezat &#8211; <a href=\"https:\/\/turismretezat.ro\/\">Destina\u021bia Ecoturistic\u0103 \u021aara Ha\u021begului &#8211; Retezat<\/a>.<\/p>\n<p>\n<\/div><\/div><\/div><\/div><\/div><\/section><\/p>\n","protected":false},"excerpt":{"rendered":"","protected":false},"author":3,"featured_media":0,"parent":0,"menu_order":0,"comment_status":"closed","ping_status":"closed","template":"","meta":{"_seopress_robots_primary_cat":"","_seopress_titles_title":"","_seopress_titles_desc":"","_seopress_robots_index":"","footnotes":""},"class_list":["post-14276","page","type-page","status-publish","hentry"],"_links":{"self":[{"href":"https:\/\/www.hateggeoparc.ro\/new\/index.php\/wp-json\/wp\/v2\/pages\/14276","targetHints":{"allow":["GET"]}}],"collection":[{"href":"https:\/\/www.hateggeoparc.ro\/new\/index.php\/wp-json\/wp\/v2\/pages"}],"about":[{"href":"https:\/\/www.hateggeoparc.ro\/new\/index.php\/wp-json\/wp\/v2\/types\/page"}],"author":[{"embeddable":true,"href":"https:\/\/www.hateggeoparc.ro\/new\/index.php\/wp-json\/wp\/v2\/users\/3"}],"replies":[{"embeddable":true,"href":"https:\/\/www.hateggeoparc.ro\/new\/index.php\/wp-json\/wp\/v2\/comments?post=14276"}],"version-history":[{"count":4,"href":"https:\/\/www.hateggeoparc.ro\/new\/index.php\/wp-json\/wp\/v2\/pages\/14276\/revisions"}],"predecessor-version":[{"id":14287,"href":"https:\/\/www.hateggeoparc.ro\/new\/index.php\/wp-json\/wp\/v2\/pages\/14276\/revisions\/14287"}],"wp:attachment":[{"href":"https:\/\/www.hateggeoparc.ro\/new\/index.php\/wp-json\/wp\/v2\/media?parent=14276"}],"curies":[{"name":"wp","href":"https:\/\/api.w.org\/{rel}","templated":true}]}}