{"id":15163,"date":"2024-12-05T13:11:00","date_gmt":"2024-12-05T13:11:00","guid":{"rendered":"https:\/\/www.hateggeoparc.ro\/new\/?page_id=15163"},"modified":"2024-12-16T17:24:34","modified_gmt":"2024-12-16T17:24:34","slug":"the-big-green","status":"publish","type":"page","link":"https:\/\/www.hateggeoparc.ro\/new\/index.php\/the-big-green\/","title":{"rendered":"The Big Green"},"content":{"rendered":"<p><section class=\"kc-elm kc-css-567876 kc_row\"><div class=\"kc-row-container  kc-container\"><div class=\"kc-wrap-columns\"><div class=\"kc-elm kc-css-659858 kc_col-sm-12 kc_column kc_col-sm-12\"><div class=\"kc-col-container\"><div class=\"kc-elm kc-css-743797\" style=\"height: 97px; clear: both; width:100%;\"><\/div>\n<div class=\"element-block-heading style-default\">\n\t<div class=\"wrapper\">\n\t\t<div class=\"inner\">\n\t\t\t\t\t\t<h4 class=\"sub-heading\">Invita\u021bie adresat\u0103 arti\u0219tilor<\/h4>\n\t\t\t\n\t\t\t\t\t\t<h2 class=\"heading\">THE BIG GREEN<\/h2>\n\t\t\t\t\t\t\n\t\t\t\t\t<\/div>\n\t<\/div>\n<\/div><div class=\"kc-elm kc-css-54772\" style=\"height: 57px; clear: both; width:100%;\"><\/div><div class=\"kc-elm kc-css-847057 kc_text_block\"><\/p>\n<p class=\"MsoNormal\"><span style=\"font-size: 12.0pt; line-height: 107%; font-family: 'Times New Roman',serif; mso-ansi-language: RO;\">Universitatea din Bucure\u0219ti \u0219i Geoparcul Interna\u021bional UNESCO \u021aara Ha\u021begului caut\u0103 un\/o artist\/\u0103 care apreciaz\u0103 natura \u0219i dore\u0219te s\u0103 realizeze o lucrare dedicat\u0103 patrimoniului natural al geoparcului. Apelul este deschis tuturor arti\u0219tilor din domeniile: arte vizuale, grafic\u0103, dans contemporan, muzic\u0103.<\/span><\/p>\n<p class=\"MsoNormal\"><b><span style=\"font-size: 12.0pt; line-height: 107%; font-family: 'Times New Roman',serif; mso-ansi-language: RO;\">Tema <\/span><\/b><span style=\"font-size: 12.0pt; line-height: 107%; font-family: 'Times New Roman',serif; mso-ansi-language: RO;\">de anul acesta: Solul<\/span><\/p>\n<p class=\"MsoNormal\"><b><span style=\"font-size: 12.0pt; line-height: 107%; font-family: 'Times New Roman',serif; mso-ansi-language: RO;\">Ce avem nevoie de la arti\u0219ti<\/span><\/b><span style=\"font-size: 12.0pt; line-height: 107%; font-family: 'Times New Roman',serif; mso-ansi-language: RO;\">:<\/span><\/p>\n<p class=\"MsoNormal\"><span style=\"font-size: 12.0pt; line-height: 107%; font-family: 'Times New Roman',serif; mso-ansi-language: RO;\">&#8211; deschiderea c\u0103tre art\u0103 ca mijloc de sprijin pentru protejarea naturii<span style=\"mso-spacerun: yes;\">\u00a0 <\/span><\/span><\/p>\n<p class=\"MsoNormal\"><span style=\"font-size: 12.0pt; line-height: 107%; font-family: 'Times New Roman',serif; mso-ansi-language: RO;\">&#8211; dorin\u021ba de a afla pove\u0219tile comunit\u0103\u021bilor Geoparcului <\/span><\/p>\n<p class=\"MsoNormal\"><span style=\"font-size: 12.0pt; line-height: 107%; font-family: 'Times New Roman',serif; mso-ansi-language: RO;\">&#8211; realizarea unei lucr\u0103ri care va fi prezentat\u0103 \u0219i amplasat\u0103 \u00een Geoparcul Interna\u021bional UNESCO \u021aara Ha\u021begului. Termen limit\u0103 pentru finalizarea lucr\u0103rilor &#8211; <b>Aprilie 2025 <\/b><\/span><\/p>\n<p class=\"MsoNormal\"><b><span style=\"font-size: 12.0pt; line-height: 107%; font-family: 'Times New Roman',serif; mso-ansi-language: RO;\">Lucrarea va contribui la <\/span><\/b><span style=\"font-size: 12.0pt; line-height: 107%; font-family: 'Times New Roman',serif; mso-fareast-font-family: 'Times New Roman'; mso-ansi-language: RO;\">interpretarea patrimoniului natural din Geoparcul Interna\u021bional UNESCO \u021aara Ha\u021begului prin lucr\u0103ri artistice-manifest pentru sus\u021binerea con\u0219tientiz\u0103rii fragilit\u0103\u021bii mediului, adaptarea la schimb\u0103rile climatice \u0219i necesitatea adopt\u0103rii unor practici sustenabile inclusiv \u00een sectorul creativ.<\/span><b><\/b><\/p>\n<p class=\"MsoNormal\"><b><span style=\"font-size: 12.0pt; line-height: 107%; font-family: 'Times New Roman',serif; mso-ansi-language: RO;\">Ce oferim<\/span><\/b><span style=\"font-size: 12.0pt; line-height: 107%; font-family: 'Times New Roman',serif; mso-ansi-language: RO;\">: o reziden\u021b\u0103 de dou\u0103 s\u0103pt\u0103m\u00e2ni \u00een Geoparcul Interna\u021bional UNESCO \u021aara Ha\u021begului, cazare, mas\u0103 \u0219i ghidaj, consultan\u021b\u0103 \u0219tiin\u021bific\u0103 din partea exper\u021bilor cu care colabor\u0103m, o burs\u0103 de 7500 lei \u0219i materialele necesare realiz\u0103rii lucr\u0103rii. <\/span><\/p>\n<p class=\"MsoNormal\"><b><span style=\"font-size: 12.0pt; line-height: 107%; font-family: 'Times New Roman',serif; mso-ansi-language: RO;\">Apel pentru aplica\u021bie <\/span><\/b><\/p>\n<p class=\"MsoNormal\"><span style=\"font-size: 12.0pt; line-height: 107%; font-family: 'Times New Roman',serif; mso-ansi-language: RO;\">V\u0103 invit\u0103m s\u0103 ne trimite\u021bi :<\/span><\/p>\n<p class=\"MsoListParagraphCxSpFirst\" style=\"text-indent: -18.0pt; mso-list: l0 level1 lfo1;\"><!-- &#091;if !supportLists&#093;--><span style=\"font-size: 12.0pt; line-height: 107%; font-family: 'Times New Roman',serif; mso-fareast-font-family: 'Times New Roman'; mso-ansi-language: RO;\"><span style=\"mso-list: Ignore;\">(1)<span style=\"font: 7.0pt 'Times New Roman';\">\u00a0\u00a0 <\/span><\/span><\/span><!--&#091;endif&#093;--><span style=\"font-size: 12.0pt; line-height: 107%; font-family: 'Times New Roman',serif; mso-ansi-language: RO;\">O scurt\u0103 scrisoare de motiva\u021bie (maxim 2000-2500 caractere) care s\u0103 con\u021bin\u0103 o prezentare a propunerii \u0219i a modului \u00een care lucrarea va contribui la <\/span><span style=\"font-size: 12.0pt; line-height: 107%; font-family: 'Times New Roman',serif; mso-fareast-font-family: 'Times New Roman'; mso-ansi-language: RO;\">interpretarea patrimoniului natural din Geoparcul Interna\u021bional UNESCO \u021aara Ha\u021begului prin lucr\u0103ri artistice-manifest pentru sus\u021binerea con\u0219tientiz\u0103rii fragilit\u0103\u021bii mediului, adaptarea la schimb\u0103rile climatice \u0219i necesitatea adopt\u0103rii unor practici sustenabile inclusiv \u00een sectorul creativ., pornind de la tema anual\u0103 \u201eSolul\u201d.<\/span><\/p>\n<p class=\"MsoListParagraphCxSpLast\" style=\"text-indent: -18.0pt; mso-list: l0 level1 lfo1;\"><!-- &#091;if !supportLists&#093;--><span style=\"font-size: 12.0pt; line-height: 107%; font-family: 'Times New Roman',serif; mso-fareast-font-family: 'Times New Roman'; mso-ansi-language: RO;\"><span style=\"mso-list: Ignore;\">(2)<span style=\"font: 7.0pt 'Times New Roman';\">\u00a0\u00a0 <\/span><\/span><\/span><!--&#091;endif&#093;--><span style=\"font-size: 12.0pt; line-height: 107%; font-family: 'Times New Roman',serif; mso-ansi-language: RO;\">O scurt\u0103 prezentare a portofoliului aplicantului.<span style=\"mso-spacerun: yes;\">\u00a0 <\/span><\/span><\/p>\n<p class=\"MsoNormal\"><span style=\"font-size: 12.0pt; line-height: 107%; font-family: 'Times New Roman',serif; mso-ansi-language: RO;\">Termen de transmitere a propunerilor: 23 decembrie<\/span><\/p>\n<p class=\"MsoNormal\"><span style=\"font-size: 12.0pt; line-height: 107%; font-family: 'Times New Roman',serif; mso-ansi-language: RO;\">Propunerile vor fi transmise pe adresa <\/span><span lang=\"EN-US\"><a href=\"mailto:hateggeoparc@unibuc.ro\"><span lang=\"RO\" style=\"font-size: 12.0pt; line-height: 107%; font-family: 'Times New Roman',serif; color: black; background: white; mso-ansi-language: RO;\">hateggeoparc@unibuc.ro<\/span><\/a><\/span><span style=\"font-size: 12.0pt; line-height: 107%; font-family: 'Times New Roman',serif; mso-ansi-language: RO;\"> \u00een format PDF\/website p\u00e2n\u0103 la data de 23 decembrie 2024. <\/span><\/p>\n<p>\n<\/div><div class=\"kc_shortcode kc_single_image effect-default\"><img decoding=\"async\" src=\"https:\/\/www.hateggeoparc.ro\/new\/wp-content\/uploads\/2024\/09\/Geoparc-TH_proiect-TBG1-scaled.jpg\" class=\"\" alt=\"\" \/><\/div><\/div><\/div><\/div><\/div><\/section><section class=\"kc-elm kc-css-824248 kc_row\"><div class=\"kc-row-container  kc-container\"><div class=\"kc-wrap-columns\"><div class=\"kc-elm kc-css-530074 kc_column kc_col-sm-12\"><div class=\"kc-col-container\"><div class=\"kc-elm kc-css-154436 kc_text_block\"><\/p>\n<p><strong>Context <\/strong><\/p>\n<p>Ini\u021biativa este parte din proiectul The Big Green, un proiect Europa Creativ\u0103, ce se desf\u0103\u0219oar\u0103 pe parcursul a 4 ani \u0219i \u00eencearc\u0103 s\u0103 r\u0103spund\u0103 la \u00eentrebarea: Cum s\u0103 valorific\u0103m puterea \u0219i s\u0103 eliber\u0103m poten\u021bialul Sectoarelor Culturale \u0219i Creative \u00een a conduce schimbarea c\u0103tre o societatea mai sustenabil\u0103, con\u0219tient\u0103 de schimb\u0103rile climatice?<\/p>\n<p>Sectoarele Culturale \u0219i Creative (SCC) constituie un sector puternic, cu pote\u021bial de schimbare \u0219i inovator, capabil s\u0103 implice oamenii \u00een crearea unui nou viitor sustenabil. Prin urmare, este o nou\u0103 sarcin\u0103 \u0219i o datorie pentru SCC s\u0103 \u00ee\u0219i uneasc\u0103 for\u021bele \u0219i s\u0103 intervin\u0103<\/p>\n<p>Proiectul este \u00eemp\u0103r\u021bit \u00een pachete de lucru, toate reunite sub obiectivele comune ale proiectului. Principalele obiective ale proiectului sunt:<\/p>\n<ul>\n<li>Valorificarea puterii sectoarelor culturale \u0219i creative (SCC) \u00een stimularea inova\u021biei \u0219i \u00eencurajarea ac\u021biunii, transform\u00e2nd SCC-urile \u00eentr-una dintre principalele for\u021be motrice ale tranzi\u021biei verzi a Europei \u0219i \u00eentr-o parte esen\u021bial\u0103 a nara\u021biunii verzi,<\/li>\n<li>Reunirea, sub un singur proiect, a ini\u021biativelor culturale \u0219i organiza\u021biilor existente \u0219i emergente, con\u0219tiente de mediu, din Europa \u0219i crearea unor sinergii mai mari \u0219i a unei colabor\u0103ri sporite \u00eentre acestea,<\/li>\n<li>Construirea unei re\u021bele europene pentru organiza\u021biile culturale con\u0219tiente de mediu \u0219i crearea unei platforme europene pentru dialog \u00eentre p\u0103r\u021bile interesate,<\/li>\n<li>Promovarea g\u00e2ndirii durabile din punct de vedere ecologic ca surs\u0103 de inova\u021bie \u0219i inspira\u021bie,<\/li>\n<li>Construirea unei nara\u021biuni con\u0219tiente \u0219i pozitive despre schimb\u0103rile climatice prin intermediul artei.<\/li>\n<\/ul>\n<p><strong>Mai multe detalii despre proiect: <\/strong><a href=\"https:\/\/proprogressione.com\/en\/project\/the-big-green\/\" target=\"_blank\" rel=\"noopener\">The Big Green \u2013 Pro Progressione<\/a><\/p>\n<p>\n<\/div><div class=\"kc-image-gallery kc-elm kc-css-940553\">\n<div class=\"kc_image_gallery kc-carousel-image kc-grid \">\n<div class=\"item-grid grid-4\"><img decoding=\"async\" src=\"https:\/\/www.hateggeoparc.ro\/new\/wp-content\/uploads\/2024\/12\/WhatsApp-Image-2024-11-28-at-17.31.55-1.jpeg\" alt=\"\"\/><\/div><div class=\"item-grid grid-4\"><img decoding=\"async\" src=\"https:\/\/www.hateggeoparc.ro\/new\/wp-content\/uploads\/2024\/12\/WhatsApp-Image-2024-11-28-at-17.18.14-1-1.jpeg\" alt=\"\"\/><\/div><div class=\"item-grid grid-4\"><img decoding=\"async\" src=\"https:\/\/www.hateggeoparc.ro\/new\/wp-content\/uploads\/2024\/12\/WhatsApp-Image-2024-11-28-at-17.18.14-2.jpeg\" alt=\"\"\/><\/div><div class=\"item-grid grid-4\"><img decoding=\"async\" src=\"https:\/\/www.hateggeoparc.ro\/new\/wp-content\/uploads\/2024\/12\/WhatsApp-Image-2024-11-28-at-17.18.12-1.jpeg\" alt=\"\"\/><\/div><\/div>\n<\/div><\/div><\/div><\/div><\/div><\/section><\/p>\n","protected":false},"excerpt":{"rendered":"","protected":false},"author":3,"featured_media":0,"parent":0,"menu_order":0,"comment_status":"closed","ping_status":"closed","template":"","meta":{"_seopress_robots_primary_cat":"","_seopress_titles_title":"","_seopress_titles_desc":"","_seopress_robots_index":"","footnotes":""},"class_list":["post-15163","page","type-page","status-publish","hentry"],"_links":{"self":[{"href":"https:\/\/www.hateggeoparc.ro\/new\/index.php\/wp-json\/wp\/v2\/pages\/15163","targetHints":{"allow":["GET"]}}],"collection":[{"href":"https:\/\/www.hateggeoparc.ro\/new\/index.php\/wp-json\/wp\/v2\/pages"}],"about":[{"href":"https:\/\/www.hateggeoparc.ro\/new\/index.php\/wp-json\/wp\/v2\/types\/page"}],"author":[{"embeddable":true,"href":"https:\/\/www.hateggeoparc.ro\/new\/index.php\/wp-json\/wp\/v2\/users\/3"}],"replies":[{"embeddable":true,"href":"https:\/\/www.hateggeoparc.ro\/new\/index.php\/wp-json\/wp\/v2\/comments?post=15163"}],"version-history":[{"count":9,"href":"https:\/\/www.hateggeoparc.ro\/new\/index.php\/wp-json\/wp\/v2\/pages\/15163\/revisions"}],"predecessor-version":[{"id":15180,"href":"https:\/\/www.hateggeoparc.ro\/new\/index.php\/wp-json\/wp\/v2\/pages\/15163\/revisions\/15180"}],"wp:attachment":[{"href":"https:\/\/www.hateggeoparc.ro\/new\/index.php\/wp-json\/wp\/v2\/media?parent=15163"}],"curies":[{"name":"wp","href":"https:\/\/api.w.org\/{rel}","templated":true}]}}